{"id":22,"date":"2015-10-20T08:52:28","date_gmt":"2015-10-20T07:52:28","guid":{"rendered":"http:\/\/www.cfatelier.com\/adc\/?page_id=22"},"modified":"2016-07-22T13:29:18","modified_gmt":"2016-07-22T12:29:18","slug":"arts-plastiques","status":"publish","type":"page","link":"https:\/\/www.cfatelier.com\/adc\/arts-plastiques\/","title":{"rendered":"Arts-plastiques"},"content":{"rendered":"<div id=\"pl-22\"  class=\"panel-layout\" ><div id=\"pg-22-0\"  class=\"panel-grid panel-no-style\" ><div id=\"pgc-22-0-0\"  class=\"panel-grid-cell\" ><div id=\"panel-22-0-0-0\" class=\"so-panel widget widget_black-studio-tinymce widget_black_studio_tinymce panel-first-child panel-last-child\" data-index=\"0\" ><div class=\"textwidget\"><h3 style=\"text-align: center;\"><strong>Par des activit\u00e9s cr\u00e9atives et artistiques, l\u2019atelier Arts-plastiques permet de d\u00e9velopper des comp\u00e9tences transf\u00e9rables. <\/strong><\/h3>\n<h3 style=\"text-align: center;\"><strong>Cet atelier est anim\u00e9 par Eric MEYER.<\/strong><\/h3>\n<\/div><\/div><\/div><\/div><div id=\"pg-22-1\"  class=\"panel-grid panel-no-style\" ><div id=\"pgc-22-1-0\"  class=\"panel-grid-cell\" ><div id=\"panel-22-1-0-0\" class=\"so-panel widget widget_metaslider_widget panel-first-child panel-last-child\" data-index=\"1\" ><div id=\"metaslider-id-677\" style=\"max-width: 700px; margin: 0 auto;\" class=\"ml-slider-3-27-5 metaslider metaslider-flex metaslider-677 ml-slider nav-hidden\">\n    <div id=\"metaslider_container_677\">\n        <div id=\"metaslider_677\">\n            <ul aria-live=\"polite\" class=\"slides\">\n                <li style=\"display: block; width: 100%;\" class=\"slide-683 ms-image\"><img width=\"888\" height=\"678\" src=\"https:\/\/www.cfatelier.com\/adc\/wp-content\/uploads\/2016\/01\/adc-selestat-arts-plastiques11.jpg\" class=\"slider-677 slide-683\" alt=\"Arts plastiques\" loading=\"lazy\" rel=\"\" title=\"\" style=\"margin: 0 auto; width: 74.841972187105%\" srcset=\"https:\/\/www.cfatelier.com\/adc\/wp-content\/uploads\/2016\/01\/adc-selestat-arts-plastiques11.jpg 888w, https:\/\/www.cfatelier.com\/adc\/wp-content\/uploads\/2016\/01\/adc-selestat-arts-plastiques11-300x229.jpg 300w, https:\/\/www.cfatelier.com\/adc\/wp-content\/uploads\/2016\/01\/adc-selestat-arts-plastiques11-768x586.jpg 768w\" sizes=\"(max-width: 888px) 100vw, 888px\" \/><div class=\"caption-wrap\"><div class=\"caption\">Arts-plastiques <\/div><\/div><\/li>\n                <li style=\"display: none; width: 100%;\" class=\"slide-695 ms-image\"><img width=\"900\" height=\"597\" src=\"https:\/\/www.cfatelier.com\/adc\/wp-content\/uploads\/2016\/01\/DSC_0115.jpg\" class=\"slider-677 slide-695\" alt=\"\" loading=\"lazy\" rel=\"\" title=\"\" style=\"margin: 0 auto; width: 86.145010768126%\" srcset=\"https:\/\/www.cfatelier.com\/adc\/wp-content\/uploads\/2016\/01\/DSC_0115.jpg 900w, https:\/\/www.cfatelier.com\/adc\/wp-content\/uploads\/2016\/01\/DSC_0115-300x199.jpg 300w, https:\/\/www.cfatelier.com\/adc\/wp-content\/uploads\/2016\/01\/DSC_0115-768x509.jpg 768w\" sizes=\"(max-width: 900px) 100vw, 900px\" \/><\/li>\n            <\/ul>\n        <\/div>\n        \n    <\/div>\n<\/div><\/div><\/div><\/div><div id=\"pg-22-2\"  class=\"panel-grid panel-no-style\" ><div id=\"pgc-22-2-0\"  class=\"panel-grid-cell\" ><div id=\"panel-22-2-0-0\" class=\"so-panel widget widget_shortcodes-ultimate shortcodes-ultimate panel-first-child panel-last-child\" data-index=\"2\" ><div class=\"textwidget\"><div class=\"su-box su-box-style-glass\" id=\"\" style=\"border-color:#000039;border-radius:3px\"><div class=\"su-box-title\" style=\"background-color:#09316C;color:#FFFFFF;border-top-left-radius:1px;border-top-right-radius:1px\">Objectifs<\/div><div class=\"su-box-content su-u-clearfix su-u-trim\" style=\"border-bottom-left-radius:1px;border-bottom-right-radius:1px\">\n<ul> \n<li>D\u00e9velopper l&rsquo;imagination et la cr\u00e9ativit\u00e9 <\/li>\n<li>Mener \u00e0 terme un projet et apprendre \u00e0 pers\u00e9v\u00e9rer <\/li> \n<li>M\u00e9moriser des proc\u00e9d\u00e9s, apprendre de nouvelles techniques <\/li>\n<li>Savoir nommer les outils et couleurs <\/li>\n<li>D\u00e9velopper l&rsquo;estime de soi <\/li>\n\n\n<\/lu><\/div><\/div><\/div><\/div><\/div><div id=\"pgc-22-2-1\"  class=\"panel-grid-cell\" ><div id=\"panel-22-2-1-0\" class=\"so-panel widget widget_shortcodes-ultimate shortcodes-ultimate panel-first-child panel-last-child\" data-index=\"3\" ><div class=\"textwidget\"><div class=\"su-box su-box-style-glass\" id=\"\" style=\"border-color:#000039;border-radius:3px\"><div class=\"su-box-title\" style=\"background-color:#09316C;color:#FFFFFF;border-top-left-radius:1px;border-top-right-radius:1px\">Activit\u00e9s<\/div><div class=\"su-box-content su-u-clearfix su-u-trim\" style=\"border-bottom-left-radius:1px;border-bottom-right-radius:1px\">\n<ul> \n<li>Cr\u00e9ation de dessin pour la r\u00e9alisation de puzzles en bois (cubes r\u00e9alis\u00e9s par l atelier menuiserie) <\/li>\n<li>Travailler \u00e0 partir de mat\u00e9riaux de r\u00e9cup\u00e9ration <\/li>\n<li>Gravure sur bois <\/li>\n<li>Exp\u00e9rimentation de diff\u00e9rentes techniques <\/li>\n\n<\/lu>\n<\/div><\/div><\/div><\/div><\/div><\/div><div id=\"pg-22-3\"  class=\"panel-grid panel-no-style\" ><div id=\"pgc-22-3-0\"  class=\"panel-grid-cell\" ><div id=\"panel-22-3-0-0\" class=\"so-panel widget widget_shortcodes-ultimate shortcodes-ultimate panel-first-child panel-last-child\" data-index=\"4\" ><div class=\"textwidget\"><div class=\"su-box su-box-style-glass\" id=\"\" style=\"border-color:#000039;border-radius:3px\"><div class=\"su-box-title\" style=\"background-color:#09316C;color:#FFFFFF;border-top-left-radius:1px;border-top-right-radius:1px\">T\u00e9moignages<\/div><div class=\"su-box-content su-u-clearfix su-u-trim\" style=\"border-bottom-left-radius:1px;border-bottom-right-radius:1px\">\n<h3>\n<em>\u00a0\u00bb \u00a0 Le travail en \u00e9quipe nous aide \u00e0 trouver la cr\u00e9ativit\u00e9.\u00a0\u00a0\u00bb <\/em> \u00a0\u00a0 Christelle\n<div class=\"su-spacer\" style=\"height:20px\"><\/div>\n<em>\u00a0\u00bb \u00a0 \u00c7a travaille le manuel et la cr\u00e9ativit\u00e9, tout \u00e7a dans une bonne ambiance de groupe. \u00a0\u00bb <\/em> \u00a0\u00a0 Florian \n<div class=\"su-spacer\" style=\"height:20px\"><\/div>\n<em>\u00a0\u00bb \u00a0  L&rsquo;animateur est sympathique. L&rsquo;atelier d&rsquo;arts-plastiques, \u00e7a apaise.  \u00a0\u00bb <\/em> \u00a0\u00a0 Bruno \n<div class=\"su-spacer\" style=\"height:20px\"><\/div>\n<em>\u00a0\u00bb \u00a0 Travail int\u00e9ressant. Apaise l&rsquo;esprit. Bon contact avec les coll\u00e8gues. \u00a0\u00bb <\/em> \u00a0\u00a0 G\u00e9raldine\n<div class=\"su-spacer\" style=\"height:20px\"><\/div>\n<\/div><\/div>\n\n<\/div><\/div><\/div><\/div><\/div>","protected":false},"excerpt":{"rendered":"<p>Par des activit\u00e9s cr\u00e9atives et artistiques, l\u2019atelier Arts-plastiques permet de d\u00e9velopper des comp\u00e9tences transf\u00e9rables. Cet atelier est anim\u00e9 par Eric MEYER.<\/p>\n","protected":false},"author":6,"featured_media":0,"parent":0,"menu_order":0,"comment_status":"closed","ping_status":"closed","template":"page-templates\/template-fullwidth.php","meta":{"_mi_skip_tracking":false},"_links":{"self":[{"href":"https:\/\/www.cfatelier.com\/adc\/wp-json\/wp\/v2\/pages\/22"}],"collection":[{"href":"https:\/\/www.cfatelier.com\/adc\/wp-json\/wp\/v2\/pages"}],"about":[{"href":"https:\/\/www.cfatelier.com\/adc\/wp-json\/wp\/v2\/types\/page"}],"author":[{"embeddable":true,"href":"https:\/\/www.cfatelier.com\/adc\/wp-json\/wp\/v2\/users\/6"}],"replies":[{"embeddable":true,"href":"https:\/\/www.cfatelier.com\/adc\/wp-json\/wp\/v2\/comments?post=22"}],"version-history":[{"count":33,"href":"https:\/\/www.cfatelier.com\/adc\/wp-json\/wp\/v2\/pages\/22\/revisions"}],"predecessor-version":[{"id":878,"href":"https:\/\/www.cfatelier.com\/adc\/wp-json\/wp\/v2\/pages\/22\/revisions\/878"}],"wp:attachment":[{"href":"https:\/\/www.cfatelier.com\/adc\/wp-json\/wp\/v2\/media?parent=22"}],"curies":[{"name":"wp","href":"https:\/\/api.w.org\/{rel}","templated":true}]}}