{"id":28,"date":"2015-10-20T08:53:54","date_gmt":"2015-10-20T07:53:54","guid":{"rendered":"http:\/\/www.cfatelier.com\/adc\/?page_id=28"},"modified":"2019-01-10T09:42:27","modified_gmt":"2019-01-10T08:42:27","slug":"multimedia","status":"publish","type":"page","link":"https:\/\/www.cfatelier.com\/adc\/multimedia\/","title":{"rendered":"Multim\u00e9dia"},"content":{"rendered":"<div id=\"pl-28\"  class=\"panel-layout\" ><div id=\"pg-28-0\"  class=\"panel-grid panel-no-style\" ><div id=\"pgc-28-0-0\"  class=\"panel-grid-cell\" ><div id=\"panel-28-0-0-0\" class=\"so-panel widget widget_black-studio-tinymce widget_black_studio_tinymce panel-first-child panel-last-child\" data-index=\"0\" ><div class=\"textwidget\"><h4 style=\"text-align: center;\">L'atelier Multim\u00e9dia permet de d\u00e9couvrir l'outil informatique et internet ou d'approfondir ses connaissances.<\/h4>\n<h4 style=\"text-align: center;\"><\/h4>\n<\/div><\/div><\/div><\/div><div id=\"pg-28-1\"  class=\"panel-grid panel-no-style\" ><div id=\"pgc-28-1-0\"  class=\"panel-grid-cell\" ><div id=\"panel-28-1-0-0\" class=\"so-panel widget widget_sow-image panel-first-child panel-last-child\" data-index=\"1\" ><div\n\t\t\t\n\t\t\tclass=\"so-widget-sow-image so-widget-sow-image-default-4b231843ec72-28\"\n\t\t\t\n\t\t>\n\n<div class=\"sow-image-container\">\n\t\t<img src=\"https:\/\/www.cfatelier.com\/adc\/wp-content\/uploads\/2015\/10\/DSC_0023.jpg\" width=\"900\" height=\"597\" srcset=\"https:\/\/www.cfatelier.com\/adc\/wp-content\/uploads\/2015\/10\/DSC_0023.jpg 900w, https:\/\/www.cfatelier.com\/adc\/wp-content\/uploads\/2015\/10\/DSC_0023-300x199.jpg 300w\" sizes=\"(max-width: 900px) 100vw, 900px\" title=\"Multim\u00e9dia\" alt=\"Multim\u00e9dia\" loading=\"lazy\" \t\tclass=\"so-widget-image\"\/>\n\t<\/div>\n\n<\/div><\/div><\/div><\/div><div id=\"pg-28-2\"  class=\"panel-grid panel-no-style\" ><div id=\"pgc-28-2-0\"  class=\"panel-grid-cell\" ><div id=\"panel-28-2-0-0\" class=\"so-panel widget widget_shortcodes-ultimate shortcodes-ultimate panel-first-child panel-last-child\" data-index=\"2\" ><div class=\"textwidget\"><div class=\"su-box su-box-style-glass\" id=\"\" style=\"border-color:#000039;border-radius:3px\"><div class=\"su-box-title\" style=\"background-color:#09316C;color:#FFFFFF;border-top-left-radius:1px;border-top-right-radius:1px\">Objectifs<\/div><div class=\"su-box-content su-u-clearfix su-u-trim\" style=\"border-bottom-left-radius:1px;border-bottom-right-radius:1px\">\n<ul> \n<li>Apprendre \u00e0 utiliser les outils bureautiques et le web<\/li>\n<li>Renforcer les savoirs de base et comp\u00e9tences en communication<\/li> \n<li>Faire le bilan de ses exp\u00e9riences et comp\u00e9tences <\/li>\n<li>S&rsquo;approprier les techniques de recherche d&#8217;emploi sur le web<\/li>\n<li>Renforcer la confiance et l&rsquo;estime de soi <\/li>\n<li>Appendre \u00e0 travailler en autonomie ou en \u00e9quipe<\/li>\n<\/lu><\/div><\/div><\/div><\/div><\/div><div id=\"pgc-28-2-1\"  class=\"panel-grid-cell\" ><div id=\"panel-28-2-1-0\" class=\"so-panel widget widget_shortcodes-ultimate shortcodes-ultimate panel-first-child panel-last-child\" data-index=\"3\" ><div class=\"textwidget\"><div class=\"su-box su-box-style-glass\" id=\"\" style=\"border-color:#000039;border-radius:3px\"><div class=\"su-box-title\" style=\"background-color:#09316C;color:#FFFFFF;border-top-left-radius:1px;border-top-right-radius:1px\">Activit\u00e9s<\/div><div class=\"su-box-content su-u-clearfix su-u-trim\" style=\"border-bottom-left-radius:1px;border-bottom-right-radius:1px\">\n<ul> \n<li>Utilisation de l&rsquo;ordinateur, d&rsquo;internet et de diff\u00e9rents logiciels <\/li>\n<li>R\u00e9alisation d&rsquo;un dossier professionnel (retour d&rsquo;exp\u00e9rience)<\/li> \n<li>D\u00e9couverte des diff\u00e9rents sites de recherche d&#8217;emploi <\/li>\n<li>Recherches diverses et v\u00e9rification des sources<\/li>\n<li>R\u00e9alisation d&rsquo;affiches<\/li>\n<li>Cr\u00e9ation du site internet des ADC <\/li>\n<\/lu><\/div><\/div><\/div><\/div><\/div><\/div><div id=\"pg-28-3\"  class=\"panel-grid panel-no-style\" ><div id=\"pgc-28-3-0\"  class=\"panel-grid-cell\" ><div id=\"panel-28-3-0-0\" class=\"so-panel widget widget_shortcodes-ultimate shortcodes-ultimate panel-first-child panel-last-child\" data-index=\"4\" ><div class=\"textwidget\"><div class=\"su-box su-box-style-glass\" id=\"\" style=\"border-color:#000039;border-radius:3px\"><div class=\"su-box-title\" style=\"background-color:#09316C;color:#FFFFFF;border-top-left-radius:1px;border-top-right-radius:1px\">T\u00e9moignages<\/div><div class=\"su-box-content su-u-clearfix su-u-trim\" style=\"border-bottom-left-radius:1px;border-bottom-right-radius:1px\">\n<h4><em>\u00ab\u00a0J&rsquo;ai beaucoup appris dans cet atelier non seulement sur les outils bureautiques mais aussi \u00e0 travailler en \u00e9quipe.\u00a0\u00bb <\/em>  Am\u00e9lie<div class=\"su-spacer\" style=\"height:20px\"><\/div>\n<em>\u00ab\u00a0J&rsquo;ai fait beaucoup de progr\u00e8s depuis que je participe \u00e0 cet atelier. J&rsquo;ai appris \u00e0 avoir confiance en moi pour pouvoir manipuler les outils bureautiques.\u00a0\u00bb <\/em>  B\u00e9atrice\n<div class=\"su-spacer\" style=\"height:20px\"><\/div>\n<em>\u00ab\u00a0Cet atelier m&rsquo;a permis de d\u00e9couvrir et progresser sur diff\u00e9rents logiciels.\u00a0\u00bb <\/em>   Christelle <\/h4>\n<div class=\"su-spacer\" style=\"height:20px\"><\/div><\/div><\/div>\n <\/div><\/div><\/div><\/div><\/div>","protected":false},"excerpt":{"rendered":"<p>L&rsquo;atelier Multim\u00e9dia permet de d\u00e9couvrir l&rsquo;outil informatique et internet ou d&rsquo;approfondir ses connaissances.<\/p>\n","protected":false},"author":6,"featured_media":0,"parent":0,"menu_order":0,"comment_status":"closed","ping_status":"closed","template":"page-templates\/template-fullwidth.php","meta":{"_mi_skip_tracking":false},"_links":{"self":[{"href":"https:\/\/www.cfatelier.com\/adc\/wp-json\/wp\/v2\/pages\/28"}],"collection":[{"href":"https:\/\/www.cfatelier.com\/adc\/wp-json\/wp\/v2\/pages"}],"about":[{"href":"https:\/\/www.cfatelier.com\/adc\/wp-json\/wp\/v2\/types\/page"}],"author":[{"embeddable":true,"href":"https:\/\/www.cfatelier.com\/adc\/wp-json\/wp\/v2\/users\/6"}],"replies":[{"embeddable":true,"href":"https:\/\/www.cfatelier.com\/adc\/wp-json\/wp\/v2\/comments?post=28"}],"version-history":[{"count":26,"href":"https:\/\/www.cfatelier.com\/adc\/wp-json\/wp\/v2\/pages\/28\/revisions"}],"predecessor-version":[{"id":1258,"href":"https:\/\/www.cfatelier.com\/adc\/wp-json\/wp\/v2\/pages\/28\/revisions\/1258"}],"wp:attachment":[{"href":"https:\/\/www.cfatelier.com\/adc\/wp-json\/wp\/v2\/media?parent=28"}],"curies":[{"name":"wp","href":"https:\/\/api.w.org\/{rel}","templated":true}]}}