{"id":30,"date":"2015-10-20T08:54:12","date_gmt":"2015-10-20T07:54:12","guid":{"rendered":"http:\/\/www.cfatelier.com\/adc\/?page_id=30"},"modified":"2019-01-10T11:02:44","modified_gmt":"2019-01-10T10:02:44","slug":"atelier-communication-et-entreprise","status":"publish","type":"page","link":"https:\/\/www.cfatelier.com\/adc\/ateliers\/atelier-communication-et-entreprise\/","title":{"rendered":"Communication et entreprise"},"content":{"rendered":"<div id=\"pl-30\"  class=\"panel-layout\" ><div id=\"pg-30-0\"  class=\"panel-grid panel-no-style\" ><div id=\"pgc-30-0-0\"  class=\"panel-grid-cell\" ><div id=\"panel-30-0-0-0\" class=\"so-panel widget widget_black-studio-tinymce widget_black_studio_tinymce panel-first-child panel-last-child\" data-index=\"0\" ><div class=\"textwidget\"><h4 style=\"text-align: center;\"><\/h4>\n<h4 style=\"text-align: center;\">Il permet d'apprendre \u00e0 adapter sa communication \u00e0 diff\u00e9rents contextes et de mieux connaitre le monde de l'entreprise.<\/h4>\n<\/div><\/div><\/div><\/div><div id=\"pg-30-1\"  class=\"panel-grid panel-no-style\" ><div id=\"pgc-30-1-0\"  class=\"panel-grid-cell\" ><div id=\"panel-30-1-0-0\" class=\"so-panel widget widget_sow-image panel-first-child panel-last-child\" data-index=\"1\" ><div\n\t\t\t\n\t\t\tclass=\"so-widget-sow-image so-widget-sow-image-default-4b231843ec72-30\"\n\t\t\t\n\t\t>\n\n<div class=\"sow-image-container\">\n\t\t<img src=\"https:\/\/www.cfatelier.com\/adc\/wp-content\/uploads\/2015\/11\/DSC_0168.jpg\" width=\"900\" height=\"506\" srcset=\"https:\/\/www.cfatelier.com\/adc\/wp-content\/uploads\/2015\/11\/DSC_0168.jpg 900w, https:\/\/www.cfatelier.com\/adc\/wp-content\/uploads\/2015\/11\/DSC_0168-300x169.jpg 300w\" sizes=\"(max-width: 900px) 100vw, 900px\" title=\"Atelier multim\u00e9dia\" alt=\"\" loading=\"lazy\" \t\tclass=\"so-widget-image\"\/>\n\t<\/div>\n\n<\/div><\/div><\/div><\/div><div id=\"pg-30-2\"  class=\"panel-grid panel-no-style\" ><div id=\"pgc-30-2-0\"  class=\"panel-grid-cell\" ><div id=\"panel-30-2-0-0\" class=\"so-panel widget widget_shortcodes-ultimate shortcodes-ultimate panel-first-child panel-last-child\" data-index=\"2\" ><div class=\"textwidget\"><div class=\"su-box su-box-style-glass\" id=\"\" style=\"border-color:#000039;border-radius:3px\"><div class=\"su-box-title\" style=\"background-color:#09316C;color:#FFFFFF;border-top-left-radius:1px;border-top-right-radius:1px\">Objectifs<\/div><div class=\"su-box-content su-u-clearfix su-u-trim\" style=\"border-bottom-left-radius:1px;border-bottom-right-radius:1px\">\n<ul> \n<li>Faire le bilan de ses exp\u00e9riences et de ses comp\u00e9tences. <\/li>\n<li>Renforcer les savoirs de base et les comp\u00e9tences en communication. <\/li> \n<li>D\u00e9couvrir le fonctionnement et les r\u00e8gles de l&rsquo;entreprise.<\/li>\n<li>Adapter son comportement \u00e0 l&rsquo;entreprise. <\/li>\n<li>Ma\u00eetriser les techniques de recherche d&#8217;emploi. <\/li>\n<li>Renforcer la confiance et l&rsquo;estime de soi.<\/li>\n<\/lu><\/div><\/div><\/div><\/div><\/div><div id=\"pgc-30-2-1\"  class=\"panel-grid-cell\" ><div id=\"panel-30-2-1-0\" class=\"so-panel widget widget_shortcodes-ultimate shortcodes-ultimate panel-first-child panel-last-child\" data-index=\"3\" ><div class=\"textwidget\"><div class=\"su-box su-box-style-glass\" id=\"\" style=\"border-color:#000039;border-radius:3px\"><div class=\"su-box-title\" style=\"background-color:#09316C;color:#FFFFFF;border-top-left-radius:1px;border-top-right-radius:1px\">Exemples d'activit\u00e9s<\/div><div class=\"su-box-content su-u-clearfix su-u-trim\" style=\"border-bottom-left-radius:1px;border-bottom-right-radius:1px\">\n<ul> \n<li>Communiquer et effectuer des travaux en groupe. <\/li>\n<li>Se pr\u00e9senter oralement devant un groupe. <\/li> \n<li>Revenir sur nos exp\u00e9riences du pass\u00e9 et en faire ressortir les points positifs. <\/li>\n<li>Apprendre \u00e0 r\u00e9diger un courrier administratif ou une lettre de motivation. <\/li>\n<li>Trouver les bons arguments pour un futur entretien.<\/li>\n<li>Visiter des entreprises.<\/li>\n<\/lu><\/div><\/div><\/div><\/div><\/div><div id=\"pgc-30-2-2\"  class=\"panel-grid-cell\" ><div id=\"panel-30-2-2-0\" class=\"so-panel widget widget_shortcodes-ultimate shortcodes-ultimate panel-first-child panel-last-child\" data-index=\"4\" ><div class=\"textwidget\"><div class=\"su-box su-box-style-glass\" id=\"\" style=\"border-color:#000039;border-radius:3px\"><div class=\"su-box-title\" style=\"background-color:#09316C;color:#FFFFFF;border-top-left-radius:1px;border-top-right-radius:1px\">T\u00e9moignages<\/div><div class=\"su-box-content su-u-clearfix su-u-trim\" style=\"border-bottom-left-radius:1px;border-bottom-right-radius:1px\">\n<div class=\"su-quote su-quote-style-default\"><div class=\"su-quote-inner su-u-clearfix su-u-trim\">Cela m&rsquo;aide \u00e0 parler en public et \u00e0 m&rsquo;int\u00e9grer \u00e0 un groupe<\/div><\/div>\n<div class=\"su-pullquote su-pullquote-align-right\">Christelle<\/div>\n<div class=\"su-spacer\" style=\"height:20px\"><\/div>\n<div class=\"su-quote su-quote-style-default\"><div class=\"su-quote-inner su-u-clearfix su-u-trim\">A la suite de mon stage, je me suis ressenti actif et utile.<\/div><\/div>\n<div class=\"su-pullquote su-pullquote-align-right\">John<\/div>\n<\/div><\/div>\n\n <\/div><\/div><\/div><\/div><\/div>","protected":false},"excerpt":{"rendered":"<p>Il permet d&rsquo;apprendre \u00e0 adapter sa communication \u00e0 diff\u00e9rents contextes et de mieux connaitre le monde de l&rsquo;entreprise.<\/p>\n","protected":false},"author":6,"featured_media":0,"parent":17,"menu_order":0,"comment_status":"closed","ping_status":"closed","template":"page-templates\/template-fullwidth.php","meta":{"_mi_skip_tracking":false},"_links":{"self":[{"href":"https:\/\/www.cfatelier.com\/adc\/wp-json\/wp\/v2\/pages\/30"}],"collection":[{"href":"https:\/\/www.cfatelier.com\/adc\/wp-json\/wp\/v2\/pages"}],"about":[{"href":"https:\/\/www.cfatelier.com\/adc\/wp-json\/wp\/v2\/types\/page"}],"author":[{"embeddable":true,"href":"https:\/\/www.cfatelier.com\/adc\/wp-json\/wp\/v2\/users\/6"}],"replies":[{"embeddable":true,"href":"https:\/\/www.cfatelier.com\/adc\/wp-json\/wp\/v2\/comments?post=30"}],"version-history":[{"count":33,"href":"https:\/\/www.cfatelier.com\/adc\/wp-json\/wp\/v2\/pages\/30\/revisions"}],"predecessor-version":[{"id":1264,"href":"https:\/\/www.cfatelier.com\/adc\/wp-json\/wp\/v2\/pages\/30\/revisions\/1264"}],"up":[{"embeddable":true,"href":"https:\/\/www.cfatelier.com\/adc\/wp-json\/wp\/v2\/pages\/17"}],"wp:attachment":[{"href":"https:\/\/www.cfatelier.com\/adc\/wp-json\/wp\/v2\/media?parent=30"}],"curies":[{"name":"wp","href":"https:\/\/api.w.org\/{rel}","templated":true}]}}